er?
False
Suppose 5*b = -903 + 3608. Is b prime?
True
Let w be 340/(-15)*(-6)/4. Suppose 2*n - 122 = 5*z, 0 = -z + n - 13 - 12. Let o = z + w. Is o a composite number?
True
Let t(v) be the second derivative of -v**5/20 - v**4/4 + 7*v**3/6 + v**2/2 - 3*v. Is t(-6) prime?
True
Suppose 5*f + 3*l - 23 = 0, -3*l + 6*l - 3 = 0. Suppose f*y + 9 = 29. Suppose m - 4*s = 25, s + 50 = y*m - 56. Is m a composite number?
True
Suppose p - 12 = -4*v, -4*p - 4 - 8 = -4*v. Let b be (4/(-2))/((-3)/6). Suppose i + 2*m = -7, -i = b*m - v + 20. Is i prime?
True
Let h be 4/14 + (-45070)/(-35). Suppose y + y - h = 0. Suppose -x - 3*x = -y. Is x composite?
True
Suppose -18 - 87 = -5*a. Suppose -w = -0*f + 4*f - a, -3*f - 197 = -5*w. Is w composite?
False
Let z = 739 - 446. Is z a prime number?
True
Suppose -4*i + t + 19 = 0, -3*i - 2*t + 2 = -i. Suppose 5*n - 65 - 56 = -4*x, i*x = n + 115. Suppose 0 = -4*s + x + 63. Is s a prime number?
True
Suppose 3*u - 15 = 0, 0 = 2*x - 3*u - 685 - 2942. Is x a composite number?
True
Let l be (-16)/3*(-153)/(-34). Let k be (-4)/18 + (-1390)/(-18). Let h = l + k. Is h prime?
True
Let i(a) = 17*a + 9. Is i(4) composite?
True
Let c = 715 - 495. Suppose 6*y - c = 2*y. Is y composite?
True
Let q(k) = k**2 - 3*k - 5. Let n = 5 - -4. Is q(n) a composite number?
True
Let p be 2*-4*2/(-8). Suppose -p*t - 4*t = -1578. Is t composite?
False
Suppose -413 = -15*j + 14*j. Is j a composite number?
True
Suppose -3*f + 3*g = -21, f + 2*g = 2*f - 11. Suppose -f*u + 2*x = -201, 0 = -2*u + 5*x + 46 + 88. Is u a composite number?
False
Let w(n) = n - 5. Let s be w(7). Suppose 3*v - y = -3*y + s, y - 6 = -4*v. Suppose -2*p + 132 = v*p. Is p a prime number?
False
Suppose 0 = -3*n - 2*n + 13645. Is n composite?
False
Suppose 244 = 3*d - 389. Is d a prime number?
True
Let f = 354 - 205. Is f a prime number?
True
Let b be -1 + 2 + (-1 - -2). Suppose b*w - 2 = -4*r + 16, -3*r = -12. Is 54 + (w - 2) + 2 prime?
False
Suppose 510 + 234 = -3*i. Let n = 169 + -306. Let o = n - i. Is o a prime number?
False
Is (9472/5 - 24/(-40))/1 a composite number?
True
Let y = 3 + -1. Suppose -y*q + 3*k = 2*q - 106, k = 5*q - 138. Suppose t - 3*t + q = 0. Is t prime?
False
Let f = -7 + 9. Suppose 0 = -5*t + f*t + 105. Is t composite?
True
Let f(l) = -2*l - 3. Let p be f(-3). Suppose 5*w - p*c - 91 - 61 = 0, 3*c - 158 = -5*w. Is w a composite number?
False
Let l be (-1)/(-3) + 24/9. Suppose 0 = n - 5*g - 6, l*n = 2*n + 4*g + 5. Is n*((85 - 0) + -2) composite?
False
Let p be 34/6 + (-4)/6. Let c be (-28)/(-5) - (-2)/p. Suppose -165 = -c*i + i. Is i a composite number?
True
Is 332 + 4 + -7 - -2 a prime number?
True
Suppose 0 = r - 2*c - 540, c = -0*r - 2*r + 1075. Is r composite?
True
Let w be -1*2*20/(-8). Suppose -5*a = w*d, 5*a + 8 = d - 4. Is a + 75/3 + 2 composite?
True
Is (-4)/14 + 18945/35 prime?
True
Let d = -624 + 1315. Is d composite?
False
Let b = -4652 + 15433. Is b a prime number?
True
Let t(s) = s - 2. Let z be t(4). Suppose z*o - o = 82. Is o a prime number?
False
Is 11/((-3)/444*-4) a composite number?
True
Let u(q) = -314*q**2 - 5*q + 3. Suppose 11 = 4*m - 1. Let j be u(m). Is j/(-18) - 4/6 a composite number?
False
Suppose 0 = -5*f + 4*r - 40, -2*r = 5*f + 6 + 4. Let p = 2 + -3. Is (f/3 - p)*-9 a composite number?
False
Suppose 0 = 4*k - 2*k + 4. Is k/((-12)/2)*111 prime?
True
Suppose j = -5*k - 13 + 35, 0 = -5*k - 5*j + 30. Suppose -3*t + 2*t = 5*r - 12, k*r - 5*t + 2 = 0. Suppose 0 = -r*h - 0 + 12. Is h a prime number?
False
Let l(v) = -v**3 - 14*v**2 + 13*v + 9. Is l(-15) composite?
True
Is (-6)/(-4) - (957/(-2))/3 a prime number?
False
Suppose w - 7 - 150 = 0. Is w a composite number?
False
Let h = 38 + -13. Suppose -2*p - 3*p + h = 0. Let r(i) = 9*i - 6. Is r(p) a composite number?
True
Suppose r = -1 - 1. Let a be (-1)/(r/((-1568)/(-1))). Suppose 5*x - a = -149. Is x a prime number?
True
Suppose -3*u + 5*s = -1, -u + 5*s = u + 6. Let a = u + 42. Is a a composite number?
True
Let v(z) = -6*z**3 + z**2 - z. Let m be v(1). Is (262/(-3))/(m/9) composite?
False
Let p = -20 - -35. Is p a composite number?
True
Suppose -x = 4*x - 5*u - 1480, u = 3*x - 886. Is x prime?
False
Let l be 14/(-4)*8/(-14). Suppose -l*s + 318 = -s. Suppose 0 = -r - r + s. Is r composite?
True
Suppose 15 = 7*s - 2*s. Suppose -s*j + 18 = 4*u, -5*u - 4*j = -8*j - 7. Is u prime?
True
Let v be ((-60)/40)/((-3)/872). Let s(c) = 310*c + 1. Let d be s(-1). Let l = v + d. Is l a composite number?
False
Let o(j) = j**3 - 9*j**2 - 4*j - 8. Let t be o(10). Let s = 163 + t. Is s composite?
True
Let r(m) = m**3 - m**2 - 4*m - 1. Let s be r(3). Suppose -5*t + 78 = -t - f, s*f - 66 = -4*t. Is t prime?
True
Let s(b) = -6*b**3 - 2*b**2 - b. Let t be s(-1). Suppose -t*v + 8*v = 27. Is v composite?
True
Suppose -380 + 120 = -5*y. Suppose -3*s - s = -y. Suppose 4*p + 169 = 5*i, 4*i + 2*p - s = 143. Is i a prime number?
True
Let a = -11 - -13. Is (-1)/a + 231/2 composite?
True
Suppose -i + 99 = -h + 5*h, 4*i - 345 = h. Is i prime?
False
Suppose 3*p + 5*p = 18536. Is p a prime number?
False
Suppose -5*o + 478 = 3*l - 625, 0 = -4*o - 4*l + 884. Suppose -r + o = -3*t, -4*t + 309 = 3*r - 312. Is r a prime number?
True
Let g be (7/1)/(9/360). Let r = -161 + g. Is r composite?
True
Let y = -2432 + 6225. Is y a prime number?
True
Let h(i) = -3*i + 6. Suppose -4*f = 5*c - 82, c - f - 38 = -c. Suppose 0 = -2*l - c - 4. Is h(l) composite?
True
Suppose 4*t = 20, 0*n - 5*t = n - 822. Is n prime?
True
Let j be (-2 + 1)/(3/(-6)). Let w(h) = -5 + 8 - 9*h**j - h**3 + 10 + 3*h + 3*h. Is w(-10) a composite number?
False
Suppose 3*p - 160 = -2*p. Let a(v) = -v**2 + v - 1. Let w be a(3). Let o = p + w. Is o prime?
False
Let p = 298 - 209. Is p a composite number?
False
Let x be (-22)/(-6) - 8/12. Is 26 + -3 + 5 + x a composite number?
False
Let b(n) = 74*n - 3. Suppose -5 = -3*g + 1. Is b(g) a prime number?
False
Let w(a) = -a**3 - a**2 - a + 4. Let b be w(0). Suppose b*n - 15 = 13. Is (6/(-7))/((-1)/n) composite?
True
Suppose 0*a - 3*a = 9. Let d = a - -5. Suppose 5 = -g + 5*q + 15, -5*g = d*q - 77. Is g a prime number?
False
Is ((-8)/4)/(4/(-518)) a prime number?
False
Let s = 264 + -153. Is s composite?
True
Let o = -1 + -1. Is 57/2*o/(-3) a composite number?
False
Let p = 217 - 17. Suppose p = 4*l + 4. Is l prime?
False
Let p = -9 - -12. Let d be (-1 + 1)/(-4 - -3). Suppose -i = -6*i - p*u + 167, 5*i - 5*u - 135 = d. Is i a prime number?
True
Is (-15 + 259)*6/8 a prime number?
False
Let w be 28645/5 - 3*-1. Is (-9)/21 - w/(-14) a composite number?
False
Is 2/1*(-30224)/(-32) a composite number?
False
Let y be (-4 - -5)/(2 + -1). Let k be (y - 1) + -1 - -116. Suppose -4*q + 327 = k. Is q a prime number?
True
Suppose -3*q + 0*q = 5*c + 10, 4 = -5*q - 2*c. Suppose q = -2*j + 556 + 82. Is j prime?
False
Let w(d) = -d**3 - 5*d**2 + 2. Let o be w(-5). Is -1018*(o + 10/(-4)) a composite number?
False
Suppose g + c + 299 = -0*c, 5*g = -4*c - 1500. Let r = -155 - g. Is r a composite number?
False
Is (-522)/(-36)*1*58 a prime number?
False
Suppose 8*m - 4*m = 4348. Is m composite?
False
Let t = 30 - 21. Let s = 1 - t. Is 1/(-2) + (-956)/s prime?
False
Suppose 14*h + 20 = 18*h. Let r(a) = a**2 - 2*a - 8. Let c be r(6). Suppose -6 = h*p - c. Is p a composite number?
False
Let z(y) = 49*y**2 + 11*y + 17. Let h(u) = 24*u**2 + 5*u + 8. Let r(i) = 9*h(i) - 4*z(i). Is r(3) a composite number?
True
Let j = -2 - -4. Let r(z) = 17*z**2 - z + 2. Let p be r(j). Suppose 12 = -4*u + p. Is u composite?
True
Let g = 13 + -9. Is 7/((4/3)/g) a prime number?
False
Suppose 329 = 3*i + 4*k - 144, 5*i - 803 = -3*k. Is i a composite number?
False
Suppose -q - 3*k = 2*k - 307, -k = 0. Is q composite?
False
Let l be (-10)/(-2)*(-4)/5. Is (-240)/l + 2 + 0 a prime number?
False
Suppose o = 2*v + 132, 3*o - v = 3*v + 406. Suppose -b = -3*i + i + 257, i - 5*b = o. Is i prime?
True
Let t be (4/(-5))/(2/(-30)). Let f = t + -10. Suppose -d + 69 = f*d. Is d prime?
True
Suppose b - 7 = q + 4*b, 3*q - 4*b - 31 = 0. Suppose q*o - 1 = 4, 2*l + 3*o - 7 = 0. Suppose 0*c - l*c = -42. Is c prime?
False
Let y be 288/(-15)*(-120)/9. Let f = y + -19. Is f composite?
True
Suppose a - 967 = 389. Is (-10)/(-4)*a/15 prime?
False
Is (-4)/4 + 295 + 1 a composite number?
True
Le